 Is x a composite number?
False
Suppose -395*t + 261662425 - 72161570 = 0. Is t composite?
False
Let d(f) = -97*f - 9. Let z(c) = -95*c - 7. Let u(b) = -4*d(b) + 3*z(b). Let g(a) = a**2 + 4*a + 3. Let x be g(-5). Is u(x) a composite number?
False
Suppose -13*v = -55 - 36. Suppose 9*j = -j - v*j. Suppose -3*h + 3*n = -3141, -2*h + n = -j*n - 2090. Is h a composite number?
True
Let h(k) = 3*k**3 - 171*k**2 + 394*k + 265. Is h(76) composite?
False
Suppose 11*d - 24 = 20. Suppose -d*s + 2*n = -8*s + 2004, 2504 = 5*s + 3*n. Is s a prime number?
False
Let u = 429 + -183. Let p = 3175 - u. Is p a prime number?
False
Suppose -22847 = -3*j + 32440. Suppose 217*p = 214*p + j. Is p a composite number?
False
Let p = 1047623 + -675362. Is p prime?
False
Suppose -258*h - 76*h + 53*h + 78246979 = 0. Is h prime?
True
Suppose 22 = -4*g + 30. Suppose -g*y - 4*q = -6542 - 55592, 4*q + 155307 = 5*y. Is y composite?
False
Let p(c) = 127*c - 73. Let u(d) = 43*d - 24. Let a(f) = 6*p(f) - 17*u(f). Let g = -6 + 13. Is a(g) a prime number?
False
Suppose -2*b + 2*g = -11054, -32*b + 28*b + 22068 = 4*g. Suppose b + 3836 = 2*d. Is d a prime number?
True
Suppose 0 = 118*m + 21*m - 2649201. Is m a composite number?
True
Let z(b) = 16*b**2 + 282*b - 262. Is z(78) a prime number?
False
Let s(w) = 7*w**3 + 3*w**2 - 15*w + 16. Let i = 166 + -159. Is s(i) a composite number?
False
Let t be 2079*(3 - (-10)/(-5)). Let l = t - 1040. Is l a composite number?
False
Suppose -p - 4 + 7 = 0. Let z be 1 - (-5 + -7)/p. Suppose -z*o = -25, -3*j - 3*o + o + 1267 = 0. Is j a composite number?
False
Suppose 2*p - 1055 = 1609. Let u be 2/(-4)*p/(-6). Suppose o - 206 = u. Is o a prime number?
True
Is 28494 - (0 - -1 - -2) prime?
False
Suppose 0 = -2*f + 2*w + w - 72, 4*f + 136 = 2*w. Let k = f - -35. Suppose 0 = -2*c - 5*a + 1717, 0 = k*c + 3*a - 185 - 1542. Is c composite?
True
Let b(t) = 13*t - 1. Let d be b(0). Is d*(6/(-3) + -1 + -266) a composite number?
False
Let d(c) = c**2 - 15*c - 55. Let h be d(18). Is (h/(-2))/(17/167926) a prime number?
False
Let i(d) = -150*d**2 + 29*d + 20. Let h be i(9). Let r = -5232 - h. Is r prime?
True
Is (15 + 308/(-21))*669462 composite?
True
Suppose -4*v + 3*j - 20 = 2*j, -j + 4 = 0. Let l be v/(-18) + ((-1336)/18 - 2). Let w = l + 165. Is w composite?
False
Let p = 93 + -75. Suppose p*b - 10*b - 46408 = 0. Is b prime?
True
Suppose -1401*w + 1379*w = -1542134. Is w composite?
True
Let d(a) = 238*a + 54. Let l be d(20). Let m = l + -2661. Is m a composite number?
False
Is 91362/18 - (-120)/90 composite?
False
Let j = 324 + -340. Is ((-443)/(-2))/(j/(-32)) prime?
True
Let g be (8/(-20) + (-3)/5)*-3947. Let t = g - 1998. Is t composite?
False
Let l(s) = -481*s - 81. Let f = 369 + -373. Is l(f) composite?
True
Let v = 46 - 43. Suppose 2797 = -v*b - 80. Is -15*(b/3)/7 a composite number?
True
Suppose 0 = 3*z + 37 - 16. Let q(n) = n**3 + 7*n**2 - 2*n - 12. Let u be q(z). Is u/(-8)*2*-590 composite?
True
Let r = 27109 - 16976. Suppose -i = 4*b - 3369, 6*i = 3*i + b + r. Is i a prime number?
False
Suppose 7*j - 431900 = -7*j. Let k = -14347 + j. Is k a prime number?
False
Let b = -64 + 24. Let k = 42 + b. Is ((79/k)/(-1))/(28/(-168)) composite?
True
Suppose 0 = -3*y - 5*k + 87, 0*y - 4*y + 3*k + 116 = 0. Suppose -32*g + y*g = -3942. Suppose -5*s + 1851 = -g. Is s prime?
False
Let h(q) = q**3 - 26 - 5*q + 69*q**2 - 160*q**2 - 8*q + 76*q**2. Is h(23) a composite number?
False
Suppose -4*j = 2*k - 20, -1 = 5*j + 5*k - 16. Suppose 0 = r + x + 1, -5*r + j = x - 4. Suppose -z + 2698 = r*c - 100, -15 = 3*c. Is z prime?
False
Suppose 5*k = -20, -3*k - 99666 - 177983 = -g. Is g a prime number?
True
Let b(l) = -l**2 + 24*l + 9. Let d be b(17). Let z = d + -327. Let r = z + 546. Is r a composite number?
False
Suppose -3*p + 408875 = -2*p + 2*w, 5*w = -2*p + 817755. Is p prime?
False
Suppose 5*p + 2*z = 188729, 0 = 3*p + 208*z - 206*z - 113235. Is p a prime number?
True
Is 546/1911*(1 + (-1117434)/(-4)) a prime number?
True
Let g be (-7509425)/(-56) - (35/40)/(-7). Suppose 46*s = g - 15371. Is s a composite number?
True
Suppose 22*o - 24 - 64 = 0. Is (-1459)/(-4)*o/1 a prime number?
True
Let v(z) = 41705*z + 5098. Is v(21) prime?
True
Let r(x) = -3*x**3 - x**2 + 12*x + 1. Let a(s) = -2*s**2 + 19*s - 40. Let i be a(7). Is r(i) a composite number?
True
Suppose -253 = -4*g - 273, 0 = 6*b - g - 4601807. Is b a prime number?
True
Let z(q) = 1049*q**2 + 4*q + 19. Is z(-4) prime?
True
Let j be ((-19)/(-2))/(8/(-96)*2). Let i be 19/j + 14/6. Suppose 2*r + 2 = 0, i*y = 3*y - r - 1634. Is y composite?
True
Let h(a) = 89*a**2 - 2*a. Let d be h(1). Suppose -2*g = 5*m - 539, 247 = 88*g - d*g - 2*m. Is g prime?
True
Let s be 1/5*5*-6. Let p = s - -13. Suppose p*d = 3873 + 1636. Is d a prime number?
True
Suppose 5*b = t - 161833, 19*t - 28*t + 4*b + 1456661 = 0. Is t a composite number?
True
Let m(q) = -175*q**3 + 3*q**2 + 4*q - 7. Let y = 124 - 128. Let k be m(y). Suppose 5082 = x + u, u - 36655 + k = -5*x. Is x a prime number?
True
Suppose 0*n = -0*n - 8*n + 746248. Is n a composite number?
False
Suppose -3*s - 5*q - 26 = 0, 3*s + 0*q + 22 = -4*q. Is s/8 + 1497680/64 a prime number?
False
Let a(k) = k**3 - k**2 - 3*k + 1. Let c(m) = -m**3 - 41*m**2 + 13*m - 62. Let j(g) = -2*a(g) + c(g). Is j(-25) a composite number?
False
Let g be (-1)/(1/7)*9491. Let m = -18126 - g. Is m a prime number?
True
Let i = 11350 + 248. Suppose i = -33*l + 47469. Is l composite?
False
Suppose 91602 + 852890 = 42*b - 113992. Is b composite?
True
Let w = 138367 + -95756. Is w a composite number?
False
Suppose -5*q + 0*q + 5997145 = -5*x, 3*x - 3598293 = -3*q. Suppose -52*w = -70*w + q. Is w a prime number?
False
Let i(u) = 21563*u + 780. Is i(1) composite?
False
Suppose 96*g = 53*g - 9*g + 251212. Is g composite?
False
Let z = -82 + 79. Let r be 5 - z/(6/13478). Suppose x + 13510 = l + 3*l, 0 = -2*l - 5*x + r. Is l prime?
False
Let l(v) = -v**3 - 11*v**2 + 10*v - 24. Let t be l(-12). Suppose -3*a + 8 = 5*d, d + t*d + 4 = -2*a. Is 3/(-12)*a*(107 + 2) a composite number?
False
Is (46907/(-70))/(13/104)*10/(-4) a prime number?
False
Let f(o) = 31839*o**2 - 677*o + 3407. Is f(5) composite?
False
Let b be ((-423)/(-6) - -1)/((-6)/(-456)). Suppose -4*j - v = v - b, 0 = 5*j - 2*v - 6779. Is j a prime number?
False
Is 31/((44/(-22))/(2 - 7668)) composite?
True
Let k(t) be the first derivative of t**4/4 + 2*t**3 - 5*t**2 - 18*t - 19. Let d be k(-7). Suppose -2370 = -d*b + 4077. Is b a composite number?
True
Suppose -41766 = 10*d + 63334. Let m(z) = 292*z - 51. Let t be m(-21). Let b = t - d. Is b a composite number?
False
Let t(g) be the third derivative of 637*g**5/60 + g**4/6 + g**3/3 + 567*g**2. Let j = -1 - 0. Is t(j) a composite number?
True
Let j(u) = u**2 - 6*u + 16. Let f be j(4). Is (3140/f)/((-1)/(-6)) + 6 prime?
False
Is (-28)/336 + 5550185/60 a composite number?
False
Let z be (5/(-7) - 1)*133/(-38). Is (z/(-15))/(1 - (-103348)/(-103340)) composite?
False
Let i be 4/(-2) - 7/(21/(-6)). Suppose -3*c - 2*c + 30 = i. Let g(b) = 8*b**3 + 5*b**2 - b - 1. Is g(c) a composite number?
False
Let f be -196*(1 + 1)*-1. Let l = -21 + f. Is l prime?
False
Let h(t) = -5*t - 1. Let m be h(3). Suppose 5*d - 5*j + 8*j = -1219, 0 = 4*d - 4*j + 956. Let r = m - d. Is r a composite number?
True
Let m(g) = -2*g**3 - 9*g**2 - 4*g + 8. Suppose i + 3*h + 7 = 0, -4*h - 16 = -i + 4*i. Let t be m(i). Suppose -t*k + 767 = 5*k. Is k a prime number?
True
Is (-9 + (-592)/(-64))/((-2)/(-17974904)) composite?
False
Suppose -8 = 8*b - 40. Suppose 13*q - 11048 = -b*r + 15*q, 5514 = 2*r + 4*q. Is r composite?
True
Let r(m) be the third derivative of 31*m**5/60 + m**4/12 - 8*m**3/3 - 12*m**2 + 6. Is r(-5) a prime number?
False
Suppose -11*m = -6*m + 2*y - 52402, -2*m = -5*y - 20984. Suppose -m = -5*b + 3*b. Is b composite?
True
Let m(p) be the third derivative of p**7/1260 + p**6/240 - 7*p**5/60 - 4*p**2. Let h(j) be the third derivative of m(j). Is h(5) composite?
False
Suppose 0 = -3*u - n + 54 + 580, 4*n = -20. Let o be 88/(-10)*10*(-28)/8. Let t = u + o. Is t prime?
True
Let l(i) be the first derivative of i**4/3 - 11*i**3/6 + 21*i**2/2 - 4*i + 15. Let o(w) be the first derivative of l(w). Is o(18) composite?
True
Let d = 142 - 138. Supp